 + -6 + (2 - 2)?
-5
What is the value of (22 - 12 - 17) + -2?
-9
(-5 + 6 + -1 - -3) + 0
3
What is the value of 20 - 27 - (-3 + (-1 - 0))?
-3
Evaluate (6 - (-3 + -5 + 11)) + -8.
-5
Calculate 8 - 2 - (17 - 11).
0
Calculate 6 + (-3 - (0 + -5)).
8
Evaluate 66 + -77 + (16 - 4).
1
What is (2 - -4) + -3 + -5?
-2
What is the value of -11 + 17 - -12 - 12?
6
-5 - (-7 + 13) - -11
0
What is the value of -2 + 1 - (5 + -1 + -6)?
1
What is the value of 6 - 2 - 3 - -5 - 12?
-6
(-6 - (2 - 3 - 7)) + 9
11
What is the value of 1 + 2 + 5 + -6?
2
What is -3 + 3 + 4 - (3 + 0)?
1
6 + -1 + -2 + 4 - 17
-10
(0 - 0) + (4 - 2)
2
Evaluate -1 + (0 - 1 - -7).
5
13 + -11 + -2 - 6
-6
16 - (18 + -9) - (5 - 0)
2
-1 - 3 - ((-7 - -29) + -18)
-8
0 + (-6 - 1) + 6
-1
What is (1 - 2) + 3 + 3 + 0?
5
(-4 + (0 - -3) - -4) + -6
-3
Calculate 4 + (-2 - 0) + -3.
-1
12 + -32 + 12 + 1
-7
What is -5 + 2 + -1 + 0?
-4
4 - (-7 - (7 - 8) - -6)
4
Calculate (-2 - -5) + 7 + -7 + -5.
-2
Evaluate -6 - (1 + -3 + -1).
-3
What is the value of 3 - 6 - 0 - 1?
-4
What is the value of 3 + -12 + (1 - -5) + -1?
-4
Evaluate -2 - (0 + 1) - (31 + -35).
1
(3 - -1) + -59 + 55
0
Calculate 13 + -14 - (1 + 0 - -3).
-5
0 + 1 - (-4 - (-14 + 2))
-7
Calculate 5 - 1 - (24 + -25).
5
-4 - 7 - -4 - (-1 - 6)
0
What is the value of 6 + -1 + (-25 - (14 + -27))?
-7
What is (1 - -8) + -3 + -1?
5
Evaluate 16 + -9 - -9 - 10.
6
Calculate (-2 - -2) + 9 + -4.
5
What is the value of (3 - -1) + (-7 - -6)?
3
Calculate -3 + -1 - (8 + -4 - 7).
-1
What is -8 + 22 + -8 + -10?
-4
Evaluate (50 - 55) + (3 - (0 - -1)).
-3
Evaluate (5 - 5) + -7 + 2.
-5
What is the value of (-1 - -14) + -25 - -11?
-1
What is 2 - 1 - (2 + (6 - 0))?
-7
Calculate -4 + 12 - -7 - 5.
10
(7 - 16) + (-7 - -14)
-2
What is 6 + (-2 - 0) + (1 - 1)?
4
Calculate -5 + 4 + -1 + 8.
6
Calculate -1 + 1 - (-4 - (-6 - -6)).
4
What is -3 - ((3 - 0) + -6)?
0
What is 1 + (7 - 0) + (-1 - 2)?
5
What is the value of -4 - (2 + 2 - -7) - -5?
-10
What is the value of -1 + (2 - (1 - 4))?
4
What is the value of 2 + (-2 - -4) + -9?
-5
What is -6 + -3 + 2 - -2?
-5
Evaluate -21 - -21 - (0 - 2).
2
Evaluate 4 - (-7 + 2) - 4.
5
What is the value of 1 + (-2 - (5 - 10))?
4
-10 - -19 - (-2 - -20)
-9
6 + 0 + -9 + (10 - 7)
0
Evaluate -6 - 1 - (49 - 60).
4
-2 - (-3 + 4) - 0
-3
Evaluate 11 + -5 - (2 + 0).
4
Evaluate (5 + 0 - 1) + -8.
-4
What is 7 + (7 - 9) + -12?
-7
What is the value of -4 + (-2 - -2 - -2)?
-2
Evaluate (8 - 2) + (-1 + -4 - -2).
3
13 - -1 - (43 - 36)
7
What is -1 - (1 + 1) - -6?
3
What is the value of -1 - (1 - (4 + 0))?
2
What is 2 + (0 + 6 - 3 - 3)?
2
What is the value of -2 + 0 - ((2 - 2) + 0)?
-2
What is the value of 10 + -5 + (-1 - 8)?
-4
2 + (-2 + 2 + 1 - 2)
1
Evaluate 1 + -1 - 2 - -3.
1
1 - (8 + 5 + -9)
-3
Calculate (-5 - (9 + (-6 - -1))) + 5.
-4
Calculate -1 + (7 - (-1 - -1)) - 2.
4
Evaluate 15 + -27 + 4 + 3.
-5
-2 + -5 + 5 + (2 - 4)
-4
Evaluate (2 - 6) + -8 + (9 - 3).
-6
Calculate -6 + (-2 - 7 - -7).
-8
Evaluate -3 + (1 - 1 - (-11 + 13)).
-5
What is 49 - 39 - (5 - -1)?
4
Calculate 1 + 1 - (-6 + 6).
2
Evaluate 1 + 2 + -8 + -2 + 4.
-3
3 + (-7 + 8 - (-1 - -7))
-2
What is -5 + -1 + 9 + -11 + 2?
-6
What is the value of -4 + (3 - (0 - (-3 - 1)))?
-5
Evaluate (-5 - -7) + (1 - 0).
3
What is (2 - 0) + 2 - (8 - 6)?
2
What is 10 + (-6 - 14) + 16?
6
-2 + 21 + 124 + -137
6
Calculate (17 - 17) + 0 + -4.
-4
Calculate -1 - 3 - (-4 - (9 + -13)).
-4
Evaluate -4 - 3 - (-1 - (-6 + 9)).
-3
What is the value of 5 + 1 + (-5 - 3)?
-2
1 + 2 - (2 - 7 - -3)
5
What is the value of 5 + -1 + -17 + -7 + 21?
1
What is the value of 3 + (-4 - -2) - 0?
1
Evaluate 3 + -7 + (4 - 0).
0
Calculate -2 + (4 + -3 - -3).
2
Calculate 8 - (13 + -8 + 9).
-6
Calculate 10 + -8 + -7 + 7.
2
What is the value of 4 + -10 - -1 - -5 - 2?
-2
What is -2 + (0 - -2) + -3 + 2?
-1
What is -4 + -1 + 2 + 1 + 3?
1
What is the value of 3 + 8 + -4 + -6 - -2?
3
What is the value of -1 + -1 + 3 + -4?
-3
What is -9 + (2 - 2) - (2 + -8)?
-3
7 - ((8 - 8) + 9)
-2
What is the value of (-11 + 0 - -13) + -10?
-8
What is (-2 - 8 - 2) + 7 + -1?
-6
0 + 7 + -5 - 4
-2
What is 2 + -6 + (3 - 1)?
-2
(-19 - -9 - 1) + 6
-5
10 + (2 - 6) + 0
6
7 - (1 + 4 + (-7 - -7))
2
What is the value of -18 - -14 - (-2 + -2)?
0
What is the value of 5 + -7 + 8 + -2 + 1?
5
What is the value of (-3 - -2 - -3 - 3) + 0?
-1
What is the value of -1 + (0 - (-3 + 2))?
0
What is the value of -10 + 8 + -8 - -10?
0
9 + (5 - 12 - 9)
-7
What is -2 - (4 + (0 - 1))?
-5
(7 - 6) + (0 - 0) + -1
0
Calculate (-1 - 3) + (-4 - 1 - -8).
-1
Evaluate 0 + 11 + -9 - 3.
-1
2 - (5 - (5 + -3))
-1
-2 + 0 - (15 - 13)
-4
What is the value of -1 + 4 + (5 - 9 - 3)?
-4
What is the value of 1 + 1 + -3 - -4 - 7?
-4
What is the value of 1 + -1 + (11 - 6)?
5
(0 - 0) + -6 - (-2 - 2)
-2
Calculate (-17 - (-3 + -5)) + 2.
-7
Calculate -15 + 25 + -6 + 0 - -5.
9
Evaluate 5 + -21 + -1 + 0 + 9.
-8
What is 3 + -3 + (4 - 5)?
-1
(-1 - (3 + -2 + 3)) + 12
7
Calculate 109 + -114 + 3 + 2 + 0.
0
Evaluate -6 + 13 + -10 + 1.
-2
Evaluate 7 - (-7 + 4 + 8).
2
What is the value of (2 - -3) + (3 - 9)?
-1
What is 13 + (-3 - -7 - 9) + -6?
2
What is (2 + -6 - 2) + -12 + 21?
3
8 + -2 + -1 + 5 + -2
8
What is -1 - -8 - (-181 - -190)?
-2
Calculate (7 + 4 - 8) + 6.
9
Evaluate -11 + (0 - -11) + 7.
7
(-45 - -46) + (-1 - 0)
0
Calculate -1 - (-6 + 11 + -12).
6
What is the value of 2 - 0 - (-16 + 14 - 1)?
5
Calculate 2 + -2 + (3 - 3).
0
What is the value of 3 + 3 + (-2 - -1)?
5
(-3 + 20 - 8) + -19
-10
Evaluate 5 - 2 - (-8 - -14).
-3
2 + 0 - (24 + -20)
-2
2 - (20 + 1 + -11)
-8
Evaluate -3 + (0 + 3 - (-10 - -8)).
2
Evaluate (7 - 6 - -2) + 1 + -1.
3
Evaluate 3 + (-9 - (-6 + 2)).
-2
(-1 - (-18 + 12)) + -14
-9
Evaluate -12 - -6 - (4 - (-5 - -15)).
0
What is 111 + -118 - (0 + -9)?
2
Calculate -1 - (-10 - -5 - (-2 + -1)).
1
What is the value of -1 + -2 + (-1 - (3 + -5))?
-2
What is the value of 3 + 0 + (-6 - -7)?
4
What is the value of 2 - 5 - (-19 + 19)?
-3
What is 5 + -4 + -3 + -1?
-3
What is the value of (1 - -4) + (-5 - 5)?
-5
What is the value of 1 + (-6 - (1 + 0)) + 7?
1
-6 - (-2 + -4 + 3)
-3
What is 2 - (-9 + 4) - 5?
2
-10 + 3 - -3 - (-4 - 0)
0
What is (-6 + 6 - -4 - 3) + -6?
-5
What is the value of 3 + (0 - 2) - (2 - 2)?
1
What is -7 + 3 + (3 - (2 - 2))?
-1
Calculate (-1 + -1 - 0 - -4) + 3.
5
Calculate -1 + (-2 - -5) - (-1 + 7).
-4
Evaluate -7 - (6 + -1 + -8).
-4
What is 1 + (-3 - 7 - -9)?
0
What is the value of -3 - (5 + (-7 - 3))?
2
Evaluate -2 - (-4 - (-12 - -4)).
-6
What is the value of 1 + 0 + -4 + (-24 - -23)?
-4
What is the value of 6 + (-1 - (1 - (-10 - -5)))?
-1
What is (11 - 1) + 11 + -17?
4
Evaluate 5 + 0 + -2 + -6.
-3
Evaluate 5 + (-1 - -1) + -3 + 0.
2
17 - 27 - (1 - 2)
-9
Calculate (-13 - -14) + (-9 - -3 - -2).
-3
Evaluate (-2 - -2) + 9 + -4.
5
Calculate -5 + 3 + 0 + 4.
2
What is the value of (-2 - -1) + -3 + 0?
-4
Calculate 122 + -131 - (-4 + 1 + 0).
-6
Calculate (-4 - -5 - (3 + 7)) + 5.
-4
Calculate 2 + -3 + -1 + 1 + 0.
-1
What is the value of (4 - 6) + (2 - -1)?
1
What is the value of 1 + (3 - (1 + -3)) + -1?
5
Evaluate 1 + 4 + -1 + 1 + 2.
7
What is the value of 1 - ((11 - 24) + 6)?
8
Calculate -2 + 4 + -3 + -1.
-2
Calculate -1 - (-3 - (-7 - 0) - 1).
-4
What is 0 + (-1 + 4 - 2) + 3?
4
-23 + 22 - (6 + 2 + -3)
-6
Evaluate 5 - (11 - 1) - -8.
3
Calculate 0 + (-6 + -7 - -12).
-1
What is 1 + -8 + 4 + 2?
-1
Calculate -3 + (6 - -3) + -7.
-1
What is -7 + 4 - (-9 - (0 + -2))?
4
4 + (1 + 5 - 3) - 3
4
(-1 - (0 + -7)) + 449 + -453
2
2 - (2 + -4) - 6
-2
What is -6 + (3 - -5) + 0 + -6?
-4
Calculate (6 - (12 - 0)) + 6 - 4.
-4
What is 14 + (-13 - -14 - 17)?
-2
-11 + -1 + 14 - 1
1
What is 0 - (4 + 0) - 1?
-5
Evaluate -5 - (4 - 2) - -2.
-5
What is -1 + 5 - 12 - -9?
1
Evaluate 2 + (1 + -3 - (1 - 4)).
3
What is the value of (1 + -4 - (55 + -58)) + 2?
2
Evaluate 2 + (5 + -8 - -5).
4
What is (0 - 3) + -5 + (10 - 2)?
0
What is the value of (-1 - -6) + (16 - 15) + 1?
7
What is 7 + 17 + -12 + -3?
9
Evaluate (12 + -8 - (17 + 1)) + 6.
-8
What is the value of -5 + -1 + 13 - 5?
2
What is the value of -2 + 1 - ((7 - 4) + -1)?
-3
What is 1 - 6 - (6 + (12 - 16))?
-7
Evaluate -5 + 1 - -3 - -4.
3
0 + 4 - (-6 + 4 + 9)
-3
What is the value of (-3 + 2 - -5) + (14 - 13)?
5
What is -8 - (9 - 7 - 6)?
-4
Calculate -8 + (3 - 0) + 4 + -4.
-5
What is (-11 - -3) + -2 + 1 + 1?
-8
What i